mainder when 20 is divided by 2/(x*7/42).
8
Calculate the remainder when 18254 is divided by (-253 - -252)/(1 - 360/358).
175
Suppose -15*c - 12*c + 867 = -267. Calculate the remainder when 1090 is divided by c.
40
Let q be 12 - (5 - 5) - 7. Calculate the remainder when 94 is divided by 6*q*(-12 + 243/18).
4
Let z = 341 + -337. Suppose -4*r + 0*r - 64 = -z*x, -2*x - 4*r = -44. Calculate the remainder when 69 is divided by x.
15
Let h = -4 + 2. Let f(x) = -x**3 - 8*x - 4. Let z(v) = 2*v**2 + 16*v + 7. Let g(r) = 5*f(r) + 3*z(r). Calculate the remainder when 96 is divided by g(h).
47
Let x = -62 + 3217. What is the remainder when x is divided by 102?
95
Let d = -5714 - -6094. Calculate the remainder when d is divided by 96.
92
Let g be 5*(-7 + (-246)/(-30)). Calculate the remainder when (((-214)/g)/((-1)/(-3)))/(-1) is divided by 13.
3
Suppose -19*l = 181072 - 834197. What is the remainder when l is divided by 21?
19
Calculate the remainder when ((-69)/(-46))/(3/520) is divided by 69/23 - (-7 + -1*2).
8
Suppose 0 = 2*s + 10*w - 72, -31*s = -36*s + w + 414. What is the remainder when 6068 is divided by s?
74
Let l(c) = 2*c**2 + 51. Let y be l(0). Suppose 0 = -16*z - y + 147. Calculate the remainder when 15 is divided by z.
3
Let h = 4558 - 4481. What is the remainder when 840 is divided by h?
70
Let c be 322/(-70) + 3/5 - -11. Suppose -143 = -c*l + 186. What is the remainder when l is divided by 18?
11
Suppose l - 3*g - 311 = 69, -2*l + 756 = -2*g. What is the remainder when l is divided by 177?
23
Let b = -136 + 150. Let i(m) = 2 + 5*m + 0*m**2 - 5*m**2 + 7*m**2. Calculate the remainder when i(4) is divided by b.
12
What is the remainder when 1315 is divided by (-2628)/(-16)*(16/96)/((-2)/(-16))?
1
Suppose -2*u + 152 = 2*a, 2*u = -0*a + 2*a + 140. Let q = 77 + u. Let m = q - 59. What is the remainder when m is divided by 19?
15
Suppose 35*t + 81 = 34*t - 3*h, -2*t - h = 167. What is the remainder when 197 is divided by -4*7/(t/102)?
27
Let w be (-1)/2*(-1 - 27). Let d(c) = -24*c + 2*c - w*c - 20 + 17. What is the remainder when d(-1) is divided by 12?
9
Suppose 0 = -f + 4*a + 84 + 29, 2*f - 190 = -4*a. What is the remainder when 4139 is divided by f?
99
Suppose -71 - 1329 = 8*g. Let u = -153 - g. What is the remainder when u is divided by 14?
8
What is the remainder when 2545 is divided by (-2724)/(-15) - 76/(-190)?
179
Let m(k) = 27*k**2 + 11*k - 20. Let z be m(7). Let i = -870 + z. What is the remainder when i is divided by 32?
30
Let p = 4 + 0. Calculate the remainder when (2/4)/(299/(-23) - (-315)/24) is divided by (5/((-10)/p))/(-2).
0
What is the remainder when 331 is divided by 126/(-6)*1 - -30?
7
Suppose z + 3*j - j = 0, -2 = z + 3*j. Suppose 2*i + 134 = 2*h - 2*i, -z*h + 240 = -i. Calculate the remainder when h is divided by -31 + 30 + (-39)/(0 + -3).
11
Let c = -170 + 182. Let i(k) = k**2 - k - 3. Let g be i(3). Suppose 77 = 2*o + g*y, o - 14 = y + 37. What is the remainder when o is divided by c?
10
Let t(n) = n**3 + 3*n**2 - 20*n - 18. Let k be t(-6). Let w = -44 + 65. What is the remainder when k*(44/(-12) + -6) is divided by w?
16
Let w(l) = 14*l + 1120. What is the remainder when 1818 is divided by w(-76)?
26
Suppose 6*d - 3*f = d - 831, -d + 2*f - 169 = 0. Let s = d - -175. What is the remainder when 48 is divided by s?
8
Let p be (-51)/(64/14 - 5). Let r = 131 - p. What is the remainder when 76 is divided by (-3 - -2)/(6/r) - -41?
37
Let p = 311 + 45. Suppose p = 10*i - 434. What is the remainder when 310 is divided by i?
73
Let y = 376 + -236. Let x = y - 129. What is the remainder when 38 is divided by x?
5
Suppose 1736*a + 83 = s + 1741*a, 5*s - 2*a = 496. What is the remainder when 230 is divided by s?
34
Let k = -265 - -277. Suppose 9*w = -k*w + 1638. What is the remainder when 155 is divided by w?
77
Let o(x) be the second derivative of 39*x**4/4 + 7*x**3/6 + 5*x**2 + x + 23. What is the remainder when o(-2) is divided by 67?
62
Let j(r) = -r**3 + 4*r**2 + 6*r - 19. Let v be j(4). Suppose 33 = 3*q - g, 37 = v*q + g - 10. Calculate the remainder when 29 is divided by q.
9
Suppose 0 = -8*a + 6*a + 16*y + 222, 2*y = -2*a + 312. What is the remainder when a is divided by 28?
11
Suppose 2240 = 5*z - o, -2*o + 896 = 2*z - 0*z. Calculate the remainder when z is divided by 31.
14
Suppose 90863 = 11*m + x, 27*m + 8248 = 28*m - 4*x. Calculate the remainder when m is divided by 51.
49
Suppose -4*c = -5*m + 100 - 600, -m = -5*c + 625. What is the remainder when c is divided by (-162)/18*1120/(-315)?
29
Suppose 2444 - 8572 = -383*y. Let l = 70 + -45. Calculate the remainder when l is divided by y.
9
Let i = -5 - -1. Let n be (4 - (-14)/i)*-12. Calculate the remainder when 10*n/(-24)*(-52)/(-5) is divided by 14.
12
Suppose c + 4 = 27. Let k(r) = 4*r**2 + 10*r - 6. Calculate the remainder when k(-9) is divided by c.
21
Let l(k) = 3*k**3 - 10*k**2 + 3*k + 9. Suppose 5 = -2*y + 13. What is the remainder when l(y) is divided by 14?
11
Suppose 0 = -5*m - 4*f - 14 + 323, 4*m - 4*f - 240 = 0. Suppose 2*s = -5*v + 384, 64*v - s - 237 = m*v. Calculate the remainder when v is divided by 14.
8
Suppose 2*y - 226 = -2*q, 4*y - 5*q - 515 = -y. Calculate the remainder when 1941 is divided by y.
105
Suppose 0 = -0*z + z - 35. Calculate the remainder when (2/(-3)*173)/((-2144)/3216) is divided by z.
33
Suppose 5*h = 20*x - 17*x + 1296, -4*x = -3*h + 771. What is the remainder when h is divided by 112?
37
Suppose -37*s + 6*s = -153 - 33. Let j(c) = c**2 - 10*c + 12. Let b be j(8). Let r = b - -21. What is the remainder when r is divided by s?
5
Let x(y) = 6*y**2 - 2*y - 10. Let i be x(-5). Let z be i/(-15)*(-1 - -2). Calculate the remainder when (-3)/(-5) - 444/z is divided by 16.
13
Suppose 7*g = 848 + 345 - 24. Let v = 135 + -89. Let k = v + 10. What is the remainder when g is divided by k?
55
Suppose -368 = -6*p + 22. Calculate the remainder when 1/((-10)/p - (-2235)/14105) is divided by 20.
17
Suppose 2813 - 496 = 3*f - 5*j, -1 = -j. Calculate the remainder when f is divided by 162.
126
Suppose -r + 304 + 1564 = 3*b, -4*r = 2*b - 7462. Calculate the remainder when r is divided by 22.
17
Suppose -l + 3*a - 452 = 0, 71*l + 2260 = 66*l - a. Let k = -224 - l. What is the remainder when k is divided by 7?
4
Suppose 3*m - 20 + 3 = -4*h, -3*m + h + 52 = 0. What is the remainder when 3299 is divided by m?
14
Let k = -229 + 253. Calculate the remainder when 185 is divided by (2 - 43/(-2))/(12/k).
44
Let p(c) = 9*c - 45. Suppose -2*t + 12 = -2. Calculate the remainder when 87 is divided by p(t).
15
Suppose -3*k = -5 - 52. Let o be (-2)/(-2) - 20384/(-56). Let a = -328 + o. Calculate the remainder when a is divided by k.
18
Let r = 153 - 148. Suppose -5*l + 4*p = -p - 620, 0 = 2*l - r*p - 239. What is the remainder when l is divided by 19?
13
Suppose -4*m = 3*p - 88 - 200, -5*m = 4*p - 360. Calculate the remainder when m is divided by 7.
2
Suppose 0 = -4*h - c + 616, 0 = -2*h + c - 1054 + 1374. Calculate the remainder when 2313 is divided by h.
129
Suppose 9*t = 6*t + k + 10, 3*k + 10 = 4*t. Suppose -2*m - t = 0, -9*m = -4*u - 14*m + 114. Calculate the remainder when u is divided by 20.
11
Suppose z + 2*p - 58 = 0, -2*z + 46 = -5*p - 106. Let g(j) = -4*j + 11. Calculate the remainder when z is divided by g(-6).
31
Suppose 5*f = -3*u + 40, -10*f + 5*f = -3*u - 70. What is the remainder when f is divided by 1?
0
Suppose 43 + 48 = -7*s. What is the remainder when 87 is divided by (-1)/(-4) + s/(208/(-700))?
43
Suppose 4*o - 568 = -3*v + v, 4*o - 592 = 4*v. Suppose -5*l = -17*l + o. Suppose 33 + 144 = 3*b. What is the remainder when b is divided by l?
11
Suppose -3*n + 2*r + 104 = 0, 2*n + 10 = 3*r + 76. Suppose -2*k = -11*k + n. Suppose -12 = -q - 6. What is the remainder when q is divided by k?
2
Suppose 5*l - 4*t - 7578 = 0, 5*t + 4180 + 4913 = 6*l. What is the remainder when l is divided by 19?
17
Let t be 2*1*(-45)/(-5). Suppose -4*l - l + 46 = 3*g, 4*g - 2*l = t. Let y(p) = p**2 - 9*p + 67. Calculate the remainder when y(g) is divided by 27.
26
Let d = 54 + -24. Suppose -48*c - 3338007 = -3346503. What is the remainder when c is divided by d?
27
Suppose 5*l = -51*j + 53*j + 2604, -2*l - 5*j + 1059 = 0. Suppose -4*s = -5*b - l, -2*s + 6*b + 256 = b. What 